m(1).
-6
Let x(b) = -b**2 + 4*b + 5. Give x(7).
-16
Let s(y) = -y**2 + 14*y - 17. Calculate s(15).
-32
Let l(v) = -v**3 + 6*v**2 + 15*v - 59. What is l(3)?
13
Let c(j) = j**3 - 5*j**2 + j - 5. Give c(5).
0
Let j(f) = 3*f + 3. Calculate j(-2).
-3
Let x(w) = 10*w - 126. Give x(13).
4
Let r(n) = -4*n + 7. Calculate r(-5).
27
Let w(u) = u**3 - 4*u**2 + u + 5. What is w(3)?
-1
Let c(m) = 2*m**2 + 23*m + 71. What is c(-5)?
6
Let i(o) = -o**2 - 10*o - 5. Determine i(-9).
4
Let h(s) = s**3 + 31*s**2 + 31*s - 22. Calculate h(-30).
-52
Let u(d) = -3*d**3 + 9*d**2 - 9*d + 1. What is u(3)?
-26
Let r(i) = -i**2 - 21*i - 8. What is r(-20)?
12
Let k(h) = 33*h**3 + h**2 + h. Calculate k(-1).
-33
Let z(d) = -4*d**2 + 90*d - 34. Give z(22).
10
Let m(q) = q - 2. What is m(-11)?
-13
Let u(s) = -8*s. What is u(-1)?
8
Let a(k) = -k**3 + 3*k**2 + 6*k + 2. What is a(6)?
-70
Let i(k) = -k**2 + 11*k - 6. Calculate i(9).
12
Let b(l) = l + 2. Determine b(1).
3
Let p(f) = -f**2 - 52*f + 109. Give p(2).
1
Let v(d) = -23*d + 39. Give v(2).
-7
Let w(o) = -o + 12. Give w(9).
3
Let q(f) = -26*f - 5. What is q(2)?
-57
Let i(f) = f**3 - 6*f**2 + 12*f - 38. Calculate i(5).
-3
Let x(y) = -5*y + 15. What is x(7)?
-20
Let k(b) = -b - 11. Give k(0).
-11
Let m(z) = z**2 + 21*z - 57. Calculate m(-26).
73
Let q(m) = m**3 - 4*m**2 - m - 2. What is q(5)?
18
Let u(k) = k**3 - 19*k**2 - 18*k - 45. What is u(20)?
-5
Let s(j) = j**3 + 14*j**2 - 8. Give s(-14).
-8
Let k(c) = -c**2 - c + 3. Give k(0).
3
Let k(v) = 58*v - 471. Calculate k(8).
-7
Let s(y) = y**3 - 6*y**2 + 6*y - 1. Give s(5).
4
Let f(v) = -11*v + 12. What is f(-3)?
45
Let f(g) = -60*g**3 + g**2 + g - 1. What is f(1)?
-59
Let j(d) = 2*d**2 - 3*d - 3. Determine j(7).
74
Let r(a) = -2*a - 27. Calculate r(-12).
-3
Let p(q) = -q - 20. Determine p(-20).
0
Let n(u) = u**3 - 7*u**2 - u - 54. Give n(8).
2
Let i(h) = -h**3 + 13*h**2 + 4*h - 18. What is i(13)?
34
Let r(z) = -z**3 - 8*z**2 - 4*z - 8. Calculate r(-6).
-56
Let i(d) = -2*d**2 - 7*d + 7. Calculate i(-6).
-23
Let t(d) = -d**3 + 13*d**2 + d - 19. Give t(13).
-6
Let k(p) = -16*p - 155. What is k(-10)?
5
Let u(p) = -2*p + 13. Give u(11).
-9
Let s(d) = -d**2 - 2*d + 11. Determine s(-6).
-13
Let z(n) = -n**2 - 15*n + 135. Calculate z(-21).
9
Let c(o) = -16*o + 131. Calculate c(8).
3
Let b(f) = -f**3 + 7*f**2 + 6*f. Give b(8).
-16
Let q(h) = h**3 - 10*h**2 - 9*h - 11. Calculate q(11).
11
Let s(j) = -6*j - 25. Calculate s(-5).
5
Let g(i) = -2*i**2 + 4*i + 2. What is g(4)?
-14
Let d(l) = -2*l**2 + 77*l - 31. What is d(38)?
7
Let t(n) = n. Determine t(11).
11
Let a(s) = 4*s - 13. Determine a(4).
3
Let j(c) = c**3 + 9*c**2 - 9*c + 11. Calculate j(-10).
1
Let t(p) = -p**2 - 35*p - 66. Calculate t(-33).
0
Let o(m) = 4*m - 40. Give o(5).
-20
Let l(c) = -c**2 + 2*c + 2. Give l(5).
-13
Let m(f) = -2*f + 40. Determine m(17).
6
Let i(s) = -s**2 + 11*s - 7. Determine i(11).
-7
Let d(b) = -b**2 - 3*b + 13. Calculate d(4).
-15
Let c(q) = 18*q**2 + 33*q + 36. What is c(-1)?
21
Let r(p) = -p**3 - 8*p**2 + 6*p - 11. Determine r(-9).
16
Let b(i) = -i - 25. Give b(-36).
11
Let u(r) = -11*r - 2. What is u(2)?
-24
Let d(m) = -m**3 - 8*m**2 - 4*m - 10. Determine d(-8).
22
Let o(p) = 2*p**2 - 61*p + 47. What is o(30)?
17
Let z(d) = d**2 - 2*d. Determine z(1).
-1
Let q(y) = 2*y**2 + 34*y - 15. Calculate q(-17).
-15
Let x(q) = -17*q**3 + q**2 - q - 1. Give x(1).
-18
Let r(f) = 12*f - 6. Calculate r(0).
-6
Let t(n) = -n**2 + 60*n + 179. Calculate t(63).
-10
Let x(h) = 16*h + 3. Give x(-4).
-61
Let y(h) = h**2 + 10*h + 10. Determine y(-9).
1
Let a(s) = s**3 - 26*s**2 + 70*s - 15. Calculate a(23).
8
Let u(a) = -2*a**3 - 10*a**2 - 7*a - 7. Determine u(-4).
-11
Let z(c) = -c**3 - c**2 - 4*c + 3. Give z(2).
-17
Let m(c) = -c**2 - 25*c + 55. Give m(-27).
1
Let t(d) = -3*d**2 - 19*d - 6. Give t(-6).
0
Let y(w) = -3*w**2 - 12*w - 17. Give y(-6).
-53
Let f(y) = y**3 - 12*y**2 + 23*y - 21. Determine f(10).
9
Let t(s) = 143*s + 149. Determine t(-1).
6
Let l(c) = 11*c. Calculate l(-2).
-22
Let z(a) = -a**3 - 3*a**2 + 4*a - 3. Give z(-4).
-3
Let k(t) = t**3 - t**2 - 4*t - 1. Determine k(3).
5
Let z(l) = l**3 + 22*l**2 + l + 3. Determine z(-22).
-19
Let q(l) = -l**3 + 8*l**2 + 2*l + 6. Determine q(8).
22
Let j(l) = -l**3 + 7*l**2 + 11*l + 6. Give j(5).
111
Let n(s) = s**2 + s - 14. Calculate n(3).
-2
Let k(r) = 18*r. Calculate k(0).
0
Let s(f) = 102*f - 1. Give s(-1).
-103
Let u(t) = t**2 + 9*t - 4. What is u(-7)?
-18
Let l(b) = b**2 + 8*b - 22. What is l(-12)?
26
Let l(x) = -7*x - 7. What is l(-7)?
42
Let i(m) = -m**3 - 10. Give i(-3).
17
Let r(s) = 20*s + 8. Give r(3).
68
Let f(a) = a**2 - 3*a - 1. What is f(3)?
-1
Let u(j) = j**3 - 7*j**2 + 11*j - 1. What is u(5)?
4
Let x(t) = t**2 - 12*t + 22. What is x(4)?
-10
Let l(j) = j**3 + 2*j**2 - 2*j - 15. Give l(-3).
-18
Let b(a) = a**3 - 5*a**2 + 10*a - 3. What is b(4)?
21
Let d(b) = b**3 - 5*b**2 - 6*b + 7. Calculate d(6).
7
Let k(b) = -b**3 - 15*b**2 + 15*b + 18. Calculate k(-16).
34
Let y(q) = 5*q**3 + 2*q - 2. What is y(1)?
5
Let a(r) = r**3 + 12*r**2 + 26*r + 13. Give a(-9).
22
Let g(p) = -2*p**3 - 8*p**2 + p - 1. Give g(-4).
-5
Let t(v) = -3*v + 10. Determine t(-21).
73
Let b(j) = -3*j**2 - 64*j + 42. Determine b(-22).
-2
Let q(g) = 2*g**2 + 10*g - 20. Give q(-5).
-20
Let o(m) = m**3 + 8*m**2 - 3. What is o(-8)?
-3
Let q(c) = -c**3 + 6*c**2 + 26*c - 4. Give q(-3).
-1
Let k(t) = -t**3 - 8*t**2 - 9*t + 5. What is k(-7)?
19
Let w(f) = 18*f - 339. Calculate w(19).
3
Let l(u) = -3*u - 7. Calculate l(-8).
17
Let g(o) = -o + 15. Give g(11).
4
Let q(w) = -15*w**3 + w**2. Determine q(1).
-14
Let f(x) = -5*x - 10. Calculate f(-14).
60
Let u(j) = j**3 - 4*j**2 - 5*j - 7. What is u(5)?
-7
Let p(k) = k**3 - 3*k**2 - k + 9. Determine p(-3).
-42
Let n(w) = w**2 + 21*w - 11. What is n(-23)?
35
Let y(c) = 2*c + 44. What is y(0)?
44
Let p(b) = -8*b + 12. Give p(5).
-28
Let j(o) = 11*o + 51. Determine j(-4).
7
Let a(p) = 2*p**2 + 7*p + 4. Determine a(-4).
8
Let t(z) = z**3 - 6*z**2 + 8*z + 5. Calculate t(4).
5
Let l(q) = 3*q**2 + 11*q - 8. Determine l(-5).
12
Let q(d) = 10*d + 20. Determine q(-2).
0
Let f(q) = 16*q + 14. Determine f(-1).
-2
Let k(m) = -m**3 + 8*m**2 + 20*m + 9. What is k(10)?
9
Let y(z) = z**3 - 9*z**2 + 8*z - 7. Give y(8).
-7
Let d(c) = -2*c**2 - 5*c + 3. Determine d(4).
-49
Let w(v) = -v**2 + 10*v + 108. Give w(17).
-11
Let w(l) = -2*l**2 - 3*l - 2. Calculate w(0).
-2
Let i(g) = -g**2 - g + 9. Determine i(-7).
-33
Let i(t) = 10*t + 25. Give i(-3).
-5
Let n(o) = -o**2 + 4*o - 7. Give n(4).
-7
Let d(x) = -x**2 + 29*x - 45. Determine d(27).
9
Let a(w) = -32*w - 148. Calculate a(-5).
12
Let j(q) = q - 6. Give j(-3).
-9
Let j(n) = -n**3 + 8*n**2 + 14*n - 12. Determine j(9).
33
Let o(r) = -r**2 - 4*r + 67. Determine o(6).
7
Let n(q) = -q**2 + 9*q - 15. What is n(10)?
-25
Let d(c) = 13*c - 83. Determine d(7).
8
Let d(k) = 90*k + 25. Give d(-3).
-245
Let x(h) = 3*h - 43. Give x(16).
5
Let s(f) = -2*f**2 + 24*f - 2. What is s(12)?
-2
Let z(c) = c**3 + 39*c**2 - 1. What is z(-39)?
-1
Let b(g) = -2*g**3 + 4*g**2 - 3*g + 3. Determine b(3).
-24
Let s(i) = i**3 + 5*i**2 - i + 1. Give s(-4).
21
Let w(b) = -12*b**2 - 5*b + 9. Determine w(3).
-114
Let f(m) = -m**2 - 6*m - 2. Calculate f(-9).
-29
Let w(v) = v**2 - 33*v + 105. Calculate w(30).
15
Let o(k) = -k**3 - 27*k**2 + 29*k + 27. Determine o(-28).
-1
Let p(q) = -145*q**3 - q**2 + q + 1. Calculate p(-1).
144
Let g(r) = -7*r - 55. Determine g(-10).
15
Let l(b) = b**3 + 2*b**2 + 2*b. Give l(-2).
-4
Let g(j) = -j**3 + 5*j**2 - 4*j + 3. What is g(3)?
9
Let y(z) = -3*z**2 - 157*z - 53. Give y(-52).
-1
Let w(l) = -7*l**2 + l. Calculate w(2).
-26
Let v(t) = 5*t**2 - t - 1. Determine v(-1).
5
Let d(s) = -2*s**2 - 21*s + 151. Give d(5).
-4
Let v(g) = -g - 8. What is v(-2)?
-6
Let b(a) = 2*a + 14. What is b(0)?
14
Let s(n) = -n**3 - n**2 + 66. What is s(0)?
66
Let g(t) = -t**2 - 3*t + 5. What is g(-4)?
1
Let q(r) = r**2 - 10*r + 13. Give q(9).
4
Let m(d) = 6*d + 32. What is m(-4)?
8
Let m(o) = 4*o + 50. Give m(-11).
6
Let u(d) = -2*d - 7. Determine u(-3).
-1
Let f(o) = o**3 - o**2 + 5*o - 10. Calculate f(2).
4
Let n(f) = f**3 + 18*f**2 + 17*f - 9. Calculate n(-17).
-9
Let l(b) = b - 4. Determine l(4).
0
Let j(w) = 9*w + 32. Calculate j(-4).